ite?
False
Is 151586059 prime?
False
Is 11255947 prime?
False
Is 429172417 a composite number?
True
Is 12226505 a prime number?
False
Is 42760805 composite?
True
Is 52313309 prime?
True
Is 105919949 a composite number?
False
Is 74073809 composite?
False
Is 171798421 a composite number?
False
Is 871742279 a composite number?
False
Is 74255143 a prime number?
True
Is 1966283 a prime number?
False
Is 19544861 composite?
True
Is 47656093 prime?
True
Is 915247 composite?
False
Is 30301969 a prime number?
True
Is 387692147 prime?
True
Is 1757993 a prime number?
True
Is 11021365 composite?
True
Is 30053771 a composite number?
True
Is 20261231 a prime number?
True
Is 3209317 a prime number?
True
Is 13012061 a prime number?
True
Is 79408561 composite?
False
Is 9507419 a composite number?
False
Is 389849 prime?
True
Is 63495011 prime?
True
Is 89478503 composite?
False
Is 588031 composite?
True
Is 142968829 prime?
True
Is 629843 a prime number?
True
Is 99847753 a composite number?
False
Is 23440037 composite?
False
Is 23449737 a prime number?
False
Is 509413 a prime number?
True
Is 24366901 a composite number?
True
Is 9424331 a composite number?
True
Is 9921053 prime?
True
Is 12740423 a prime number?
True
Is 7311151 composite?
True
Is 1383782 prime?
False
Is 16765754 a prime number?
False
Is 8859891 a prime number?
False
Is 17403781 a composite number?
False
Is 20008522 prime?
False
Is 214268305 composite?
True
Is 248945519 composite?
True
Is 208242847 prime?
False
Is 525209 prime?
True
Is 6677591 a prime number?
False
Is 13231069 composite?
True
Is 690195559 composite?
True
Is 134195287 prime?
True
Is 24554059 a composite number?
False
Is 134669721 a prime number?
False
Is 8392981 composite?
True
Is 13889573 a prime number?
False
Is 471437699 composite?
False
Is 5823541 a composite number?
True
Is 143731 a prime number?
False
Is 1778899 prime?
True
Is 54270679 a composite number?
False
Is 54076123 composite?
True
Is 9949483 composite?
True
Is 237439 prime?
False
Is 47175523 composite?
False
Is 511536082 a composite number?
True
Is 41557 a composite number?
True
Is 164406301 a composite number?
False
Is 77465103 a composite number?
True
Is 2718427 prime?
False
Is 888101 a prime number?
False
Is 14186569 prime?
False
Is 15411469 a composite number?
True
Is 2447447 composite?
True
Is 13637249 a composite number?
False
Is 1693249 composite?
False
Is 7321729 prime?
True
Is 3879301 a composite number?
True
Is 95222723 prime?
False
Is 370119 a composite number?
True
Is 9480309 composite?
True
Is 39857981 a composite number?
True
Is 35729 composite?
False
Is 99859 a composite number?
False
Is 37399 composite?
True
Is 34406969 a prime number?
True
Is 26865463 composite?
True
Is 12609503 composite?
False
Is 6793399 prime?
True
Is 1161967 a prime number?
False
Is 1129234 composite?
True
Is 58948661 composite?
True
Is 247037191 composite?
False
Is 253413929 composite?
False
Is 6701801 prime?
True
Is 65875751 composite?
True
Is 41330647 composite?
False
Is 2780521 prime?
True
Is 99560771 a composite number?
True
Is 1328123 a composite number?
True
Is 51519841 prime?
False
Is 23996155 composite?
True
Is 807281 a composite number?
False
Is 156062951 a composite number?
True
Is 49754 prime?
False
Is 292111 prime?
False
Is 1541222 a composite number?
True
Is 142981459 a composite number?
True
Is 1048105 a composite number?
True
Is 167839507 a composite number?
True
Is 46476201 a prime number?
False
Is 274559 prime?
False
Is 105591973 a composite number?
False
Is 5711399 prime?
True
Is 10329857 prime?
True
Is 5936323 a composite number?
True
Is 2073919 composite?
True
Is 322719842 a prime number?
False
Is 1139669 composite?
False
Is 7128799 a prime number?
True
Is 562010027 a composite number?
False
Is 19650227 prime?
False
Is 18096661 a prime number?
False
Is 168927137 a prime number?
False
Is 2898359 a composite number?
False
Is 22560437 composite?
False
Is 5782457 composite?
True
Is 3864233 a prime number?
True
Is 49227357 a composite number?
True
Is 1814639 composite?
False
Is 87089241 composite?
True
Is 7850027 composite?
True
Is 27564397 composite?
True
Is 1039141 a prime number?
False
Is 1318879 prime?
True
Is 3178619 a prime number?
True
Is 37533893 a composite number?
False
Is 6515791 a prime number?
True
Is 9120407 a prime number?
False
Is 2488313 composite?
True
Is 143603158 composite?
True
Is 2024471 prime?
True
Is 128477759 prime?
True
Is 2827535 a prime number?
False
Is 13193519 a composite number?
False
Is 1074407 a composite number?
True
Is 1784779 a prime number?
False
Is 2171657 a prime number?
True
Is 104981621 a prime number?
True
Is 8250167 a composite number?
False
Is 13988267 a composite number?
True
Is 2533367 a prime number?
True
Is 2641729 a prime number?
False
Is 14289323 composite?
True
Is 16470173 prime?
False
Is 173072351 prime?
True
Is 46592257 composite?
True
Is 19063861 a composite number?
False
Is 258413479 a composite number?
True
Is 14632979 prime?
True
Is 1475687 composite?
False
Is 64698077 prime?
False
Is 4371071 a composite number?
True
Is 31027427 a composite number?
True
Is 1135151 prime?
False
Is 30166783 a composite number?
False
Is 4820237 composite?
False
Is 13169831 a prime number?
False
Is 1473737 a prime number?
True
Is 14819897 composite?
True
Is 59252891 prime?
False
Is 8476917 prime?
False
Is 34923127 a composite number?
True
Is 108041 a prime number?
True
Is 288328949 a composite number?
False
Is 128743759 prime?
False
Is 97996087 prime?
False
Is 4203109 prime?
True
Is 9691553 a prime number?
False
Is 2785969 composite?
True
Is 79769693 composite?
True
Is 38944051 a composite number?
True
Is 588139 a composite number?
True
Is 24882293 composite?
False
Is 17523893 composite?
False
Is 46587887 prime?
True
Is 4163729 prime?
False
Is 30179269 a prime number?
True
Is 7381211 composite?
False
Is 124895291 a prime number?
False
Is 22383491 a composite number?
True
Is 39463339 a prime number?
False
Is 2968241 a composite number?
False
Is 336866 prime?
False
Is 238266487 a prime number?
True
Is 16437439 composite?
False
Is 805612109 composite?
False
Is 3984587 composite?
False
Is 221951099 composite?
True
Is 8960707 a prime number?
False
Is 1599919 a prime number?
True
Is 5421463 a prime number?
False
Is 1211132501 prime?
False
Is 25144817 a composite number?
False
Is 57755267 a prime number?
True
Is 9520001 a composite number?
False
Is 5038237 prime?
True
Is 4855765 composite?
True
Is 33495586 composite?
True
Is 1637407 a composite number?
False
Is 25974413 a prime number?
True
Is 55797583 a composite number?
True
Is 56743751 prime?
False
Is 40187783 a prime number?
True
Is 359908529 composite?
False
Is 52886851 composite?
False
Is 6650471 a prime number?
False
Is 23416915 prime?
False
Is 104397977 a composite number?
True
Is 48766849 a composite number?
False
Is 558641 composite?
True
Is 343557731 a composite number?
True
Is 3190777 a composite number?
True
Is 520732573 a prime number?
False
Is 1123553 composite?
False
Is 1074045779 a prime number?
False
Is 128368969 a composite number?
False
Is 8613113 a prime number?
False
Is 345502751 prime?
False
Is 22825789 composite?
True
Is 20707781 composite?
False
Is 1876451 composite?
False
Is 6901021 prime?
False
Is 102469121 composite?
False
Is 13689817 composite?
True
Is 2635265 a composite number?
True
Is 10735709 composite?
False
Is 99121411 prime?
True
Is 110071499 composite?
True
Is 10443343 a composite number?
False
Is 22880659 composite?
True
Is 37647997 composite?
True
Is 28635617 prime?
True
Is 150253861 prime?
False
Is 24341133 prime?
False
Is 7300801 prime?
True
Is 23383999 prime?
False
Is 4419709 composite?
True
Is 994645913 prime?
False
Is 8495723 a composite number?
True
Is 7991437 composite?
False
Is 23239379 a prime number?
False
Is 7752049 prime?
False
Is 9618802 a composite number?
True
Is 56168573 composite?
False
Is 2891663 a prime number?
False
Is 4372397 a composite number?
False
Is 15041713 prime?
True
Is 32075159 a composite number?
False
Is 1048838959 a prime number?
False
Is 43948163 a prime number?
False
Is 3740389 prime?
False
Is 107570621 composite?
False
Is 788258 prime?
False
Is 1389277 composite?
False
Is 6449617 a prime number?
True
Is 6719327